e?
False
Is 42194918537 a composite number?
True
Is 7065232849 a composite number?
False
Is 2533175011 a composite number?
True
Is 243792457 prime?
False
Is 1738561843 composite?
False
Is 959342663 prime?
True
Is 36621019901 prime?
False
Is 870484001401 prime?
False
Is 12468809519 prime?
False
Is 3922010789 composite?
True
Is 7272953509 a composite number?
False
Is 593915807 a composite number?
False
Is 48640688419 prime?
False
Is 13155065351 prime?
False
Is 5086493 a composite number?
False
Is 11559888878 a prime number?
False
Is 10021832269 a composite number?
False
Is 70636403993 a prime number?
False
Is 422069231 a prime number?
True
Is 74832195803 a prime number?
True
Is 15034358239 prime?
True
Is 12262566947 prime?
False
Is 160100160071 prime?
False
Is 2432395417 a composite number?
False
Is 254073683 prime?
False
Is 125061424837 a prime number?
False
Is 11720907683 composite?
True
Is 24938307749 a prime number?
True
Is 40627323067 composite?
False
Is 106002446377 a composite number?
True
Is 791072519 a prime number?
True
Is 11354031061 a composite number?
True
Is 3469459693 prime?
False
Is 2654517091 a composite number?
True
Is 36842811409 composite?
True
Is 21562439837 prime?
False
Is 7622254669 prime?
True
Is 1774564709 a composite number?
True
Is 2492275281 a prime number?
False
Is 16209204169 prime?
True
Is 30153227009 a prime number?
True
Is 190462198067 a composite number?
False
Is 18988979263 a prime number?
False
Is 45387223419 a prime number?
False
Is 250613659 prime?
False
Is 198581237 prime?
True
Is 15591965137 a composite number?
True
Is 5498054774 prime?
False
Is 2413063423 a prime number?
False
Is 3555544339 a composite number?
True
Is 124157779 a prime number?
False
Is 428335005929 composite?
False
Is 58398458917 a prime number?
False
Is 16503362159 a composite number?
False
Is 693423541 a prime number?
False
Is 27333137519 prime?
True
Is 4051841509 composite?
False
Is 127104973 a prime number?
True
Is 33916178827 composite?
False
Is 103846151 prime?
False
Is 16065180239 a composite number?
False
Is 1049267861 a composite number?
False
Is 198939692519 a prime number?
True
Is 11115853349 composite?
False
Is 49873915489 a composite number?
False
Is 1796833993 prime?
True
Is 156553429 composite?
True
Is 3816454177 a composite number?
True
Is 651319969 a composite number?
False
Is 4168050791 a composite number?
False
Is 51801626399 composite?
False
Is 308849019 a prime number?
False
Is 2433996737 composite?
False
Is 12760257605 composite?
True
Is 854795231 a composite number?
False
Is 2161563493 composite?
True
Is 6849653483 a composite number?
True
Is 8323670137 a composite number?
True
Is 28484911127 composite?
False
Is 10833597079 a composite number?
False
Is 615316967 a prime number?
True
Is 3560286473 a prime number?
True
Is 9326324101 a prime number?
True
Is 49046612449 a prime number?
False
Is 3560166905 a prime number?
False
Is 30342690881 prime?
False
Is 225035653 composite?
False
Is 337702777 a prime number?
False
Is 1595612059 a composite number?
True
Is 42868828699 composite?
True
Is 52229479 composite?
False
Is 212272957649 a prime number?
True
Is 4172880223 composite?
False
Is 416701019 prime?
False
Is 16937849 a prime number?
False
Is 25507876453 prime?
True
Is 485084777 a prime number?
True
Is 346825417 prime?
True
Is 13922842683 a composite number?
True
Is 8533031497 a composite number?
False
Is 584654489 a composite number?
False
Is 89525117813 a composite number?
True
Is 9931207219 a prime number?
True
Is 420040319 composite?
True
Is 2936140303 a prime number?
False
Is 943204051 prime?
True
Is 8332647663 composite?
True
Is 2599770769 composite?
False
Is 2592087231 a prime number?
False
Is 2117571999 a prime number?
False
Is 2339547601 composite?
True
Is 487940787173 a composite number?
True
Is 42690378091 prime?
True
Is 3398475893 prime?
True
Is 326851913 prime?
False
Is 17705074327 prime?
True
Is 3889247171 a composite number?
False
Is 1491015661 composite?
True
Is 93740393 prime?
False
Is 11909930003 a prime number?
False
Is 188909723393 composite?
False
Is 334522917359 composite?
False
Is 1102315109 a prime number?
False
Is 12459477673 prime?
True
Is 58645406657 a composite number?
False
Is 8076078817 composite?
True
Is 18926918833 composite?
False
Is 1015966517 prime?
True
Is 30441994773 prime?
False
Is 888911957 prime?
True
Is 91450450327 a composite number?
False
Is 3867917133 a prime number?
False
Is 978739523 prime?
False
Is 87789722 a prime number?
False
Is 11610798827 composite?
True
Is 40187549341 prime?
True
Is 38458623193 a prime number?
True
Is 3157878149 prime?
False
Is 1342764187 a prime number?
False
Is 5850646909 composite?
False
Is 15434927421 a prime number?
False
Is 8749578251 composite?
False
Is 7444059737 composite?
False
Is 355886537 a composite number?
False
Is 3957931153 a prime number?
False
Is 3856767077 composite?
False
Is 15917637679 prime?
True
Is 88670802071 prime?
True
Is 11772821651 a prime number?
True
Is 28442137637 prime?
True
Is 480891431 prime?
True
Is 1204483591 a composite number?
False
Is 79327417937 a prime number?
True
Is 789352607 composite?
False
Is 1664546153 prime?
True
Is 17831464421 a composite number?
False
Is 81051020327 a prime number?
True
Is 2310975401 a prime number?
False
Is 8718465839 composite?
False
Is 8136850123 a composite number?
False
Is 161839653 a composite number?
True
Is 25891224641 composite?
True
Is 15075665687 a prime number?
False
Is 5979251 a prime number?
False
Is 31491935017 a prime number?
True
Is 1284392717 prime?
True
Is 6406906043 a composite number?
False
Is 18111107249 a prime number?
False
Is 34046017 a composite number?
True
Is 148878193 composite?
False
Is 2196803753 a prime number?
True
Is 970153 prime?
False
Is 2879238433 a prime number?
False
Is 30764957 a prime number?
False
Is 33255094619 a composite number?
True
Is 1230042347 a prime number?
False
Is 1062857711 prime?
False
Is 820710199 prime?
True
Is 57007543631 composite?
True
Is 31352585617 composite?
True
Is 3114765473 a prime number?
False
Is 534686219 a prime number?
True
Is 72657906791 prime?
True
Is 643622345 composite?
True
Is 8133840215 composite?
True
Is 576322309 composite?
True
Is 618498017 a prime number?
True
Is 4294769419 composite?
True
Is 6711394918 a prime number?
False
Is 369824963 prime?
False
Is 11563560031 a composite number?
True
Is 969712873 a prime number?
True
Is 197141307581 prime?
False
Is 100097449293 a prime number?
False
Is 13772953693 a composite number?
False
Is 26275495703 composite?
True
Is 5818089181 a prime number?
True
Is 9715758691 a composite number?
False
Is 6793011221 prime?
True
Is 1122805821 composite?
True
Is 4611768349 composite?
False
Is 622796561 composite?
True
Is 22296136147 composite?
False
Is 1818438383 a composite number?
True
Is 2182551349 composite?
True
Is 3581153273 composite?
True
Is 2877910859 a prime number?
True
Is 693811037 composite?
True
Is 786105043 a prime number?
True
Is 1536426319 a prime number?
True
Is 8371522139 prime?
True
Is 139444849 composite?
True
Is 23427846074 prime?
False
Is 132334855 a prime number?
False
Is 166348201447 prime?
True
Is 17931167677 composite?
True
Is 459298030367 composite?
True
Is 1055391893 a prime number?
False
Is 88484325113 composite?
False
Is 33749530735 a prime number?
False
Is 301155907 a prime number?
False
Is 4471486583 composite?
False
Is 237034751 a composite number?
False
Is 1650797249 a prime number?
False
Is 28291528423 composite?
False
Is 2542528771 composite?
True
Is 6692290871 prime?
False
Is 265430917 composite?
True
Is 38199419 prime?
True
Is 48542375371 a composite number?
True
Is 885310031 composite?
False
Is 1719834947 a composite number?
True
Is 880528367 prime?
True
Is 15586419019 composite?
False
Is 197387243257 a composite number?
False
Is 254825209 a composite number?
True
Is 18344551817 prime?
True
Is 2692766191 composite?
True
Is 15205119035 prime?
False
Is 1279304053 composite?
False
Is 25354837043 composite?
False
Is 1900947893 a composite number?
True
Is 4542447367 composite?
False
Is 61957141 composite?
False
Is 1010852639 composite?
False
Is 16073031523 a prime number?
True
Is 63023835409 composite?
True
Is 514351063 a composite numbe